oes 14 divide 2295048?
True
Is 108 a factor of 117496?
False
Is 250110 a multiple of 428?
False
Does 10 divide 196979?
False
Is 6662068 a multiple of 229?
True
Is 200 a factor of 163359?
False
Does 11 divide 45444?
False
Does 19 divide 1953880?
False
Is 2 a factor of 7559?
False
Does 127 divide 36646?
False
Is 65 a factor of 13981317?
False
Is 175 a factor of 10257?
False
Does 10 divide 135590?
True
Is 44841 a multiple of 4?
False
Is 6 a factor of 42354?
True
Does 17 divide 2822401?
False
Is 7 a factor of 47164?
False
Is 9886706 a multiple of 361?
False
Does 204 divide 189166?
False
Does 83 divide 9629916?
False
Is 10 a factor of 112145?
False
Is 3871600 a multiple of 40?
True
Is 5 a factor of 5619?
False
Does 5 divide 120571?
False
Is 5811556 a multiple of 316?
True
Is 2 a factor of 36397?
False
Does 10 divide 76786?
False
Is 610798 a multiple of 29?
True
Is 866294 a multiple of 27?
False
Is 109886 even?
True
Is 148 a factor of 3521002?
False
Is 59961 a multiple of 11?
True
Is 3210199 a multiple of 426?
False
Does 18 divide 70778?
False
Does 14 divide 37338?
True
Is 163 a factor of 100734?
True
Does 217 divide 8365?
False
Does 259 divide 979020?
True
Does 13 divide 39099?
False
Is 113 a factor of 176643?
False
Is 52138 a multiple of 262?
True
Does 69 divide 47955?
True
Is 74 a factor of 81920?
False
Is 2303 a factor of 17926138?
False
Is 9 a factor of 454712?
False
Does 142 divide 302886?
True
Does 8 divide 42855?
False
Is 57681 a multiple of 51?
True
Is 232 a factor of 944472?
True
Is 41724 a multiple of 38?
True
Is 2 a factor of 19307?
False
Is 22 a factor of 16530?
False
Is 94 a factor of 14194?
True
Does 88 divide 168187?
False
Does 22 divide 3074846?
False
Is 17 a factor of 1028593?
False
Does 50 divide 57205?
False
Does 4 divide 27343?
False
Is 6 a factor of 1127964?
True
Does 35 divide 425985?
True
Is 1710242 a multiple of 127?
False
Does 303 divide 41208?
True
Is 79488 a multiple of 54?
True
Is 143592 a multiple of 579?
True
Is 468 a factor of 15399072?
True
Is 763 a factor of 4037796?
True
Is 40275 a multiple of 25?
True
Does 193 divide 152084?
True
Is 90864 a multiple of 12?
True
Is 9 a factor of 294858?
True
Does 446 divide 334903?
False
Is 39150 even?
True
Is 225 a factor of 1976956?
False
Is 4667158 a multiple of 28?
False
Is 476973 a multiple of 21?
True
Does 54 divide 4323066?
False
Does 48 divide 221652?
False
Is 12404743 a multiple of 31?
True
Does 122 divide 9725?
False
Is 12 a factor of 589812?
True
Is 70 a factor of 235270?
True
Is 777 a factor of 784519?
False
Is 14 a factor of 176260?
True
Is 253 a factor of 29012269?
True
Is 360640 a multiple of 70?
True
Is 259530 a multiple of 80?
False
Does 472 divide 1513704?
True
Is 12717 a multiple of 101?
False
Is 19 a factor of 303240?
True
Does 72 divide 49338?
False
Is 3030875 a multiple of 91?
False
Is 222992 a multiple of 16?
True
Does 185 divide 5365?
True
Does 107 divide 1068332?
False
Is 1034859 a multiple of 232?
False
Is 7455063 a multiple of 1333?
False
Is 48822 a multiple of 237?
True
Is 368 a factor of 1527936?
True
Is 1003 a factor of 553617?
False
Does 97 divide 922077?
False
Is 37296 a multiple of 24?
True
Is 279 a factor of 6581610?
True
Is 7 a factor of 3737352?
False
Is 17 a factor of 2436304?
True
Is 14 a factor of 46311?
False
Is 240 a factor of 365040?
True
Does 99 divide 125439?
False
Is 132754 a multiple of 16?
False
Is 27499 a multiple of 22?
False
Is 9 a factor of 120161?
False
Is 778877 a multiple of 552?
False
Is 312 a factor of 302640?
True
Is 605970 a multiple of 15?
True
Is 400 a factor of 3061135?
False
Is 261376 a multiple of 64?
True
Is 6956551 a multiple of 136?
False
Does 10 divide 117730?
True
Is 3539730 a multiple of 15?
True
Is 381 a factor of 376240?
False
Is 145866 a multiple of 46?
True
Is 119961 a multiple of 186?
False
Is 8160 a multiple of 2?
True
Is 40180 a multiple of 10?
True
Is 666520 a multiple of 152?
True
Does 305 divide 520025?
True
Does 17 divide 2324960?
False
Does 786 divide 1263888?
True
Does 394 divide 111896?
True
Is 850 a factor of 4780212?
False
Does 42 divide 121993?
False
Is 112 a factor of 17240?
False
Is 36 a factor of 1784196?
True
Is 3096912 a multiple of 112?
True
Does 15 divide 5659515?
True
Is 647 a factor of 367088?
False
Is 87 a factor of 3915?
True
Does 2 divide 27710?
True
Is 4184217 a multiple of 67?
True
Is 249 a factor of 1556997?
True
Is 21 a factor of 1854783?
True
Is 107135 a multiple of 285?
False
Does 77 divide 4587617?
False
Is 576963 a multiple of 428?
False
Is 1360188 a multiple of 2?
True
Is 84563 a multiple of 46?
False
Is 256 a factor of 499712?
True
Is 4 a factor of 308932?
True
Does 41 divide 1249639?
True
Is 13235746 a multiple of 254?
False
Is 6 a factor of 1965942?
True
Is 89979 a multiple of 337?
True
Is 32 a factor of 562563?
False
Is 782550 a multiple of 75?
True
Is 5 a factor of 9763?
False
Does 613 divide 2686529?
False
Does 67 divide 71432?
False
Does 906 divide 3188747?
False
Is 174 a factor of 202102?
False
Is 892 a factor of 887170?
False
Is 189 a factor of 10957653?
True
Does 12 divide 315684?
True
Is 25 a factor of 153875?
True
Is 62509 a multiple of 41?
False
Is 15276 a multiple of 57?
True
Does 1150 divide 15842819?
False
Is 13 a factor of 1124460?
False
Is 13 a factor of 1137305?
True
Is 394471 a multiple of 20?
False
Is 237 a factor of 226098?
True
Is 51108 a multiple of 6?
True
Does 133 divide 469312?
False
Is 122 a factor of 903207?
False
Is 180 a factor of 1057500?
True
Is 2216528 a multiple of 136?
True
Is 82189 a multiple of 379?
False
Is 3116 a multiple of 76?
True
Is 900958 a multiple of 7?
False
Is 20996 a multiple of 116?
True
Is 226560 a multiple of 120?
True
Is 1104610 a multiple of 26?
True
Is 19448 even?
True
Does 19 divide 14953?
True
Is 433 a factor of 5113090?
False
Does 465 divide 113431?
False
Is 475354 a multiple of 82?
True
Is 100 a factor of 337400?
True
Does 13 divide 263757?
True
Does 34 divide 1815100?
False
Does 4 divide 50112?
True
Does 9 divide 1901354?
False
Is 11 a factor of 15708?
True
Is 2 a factor of 876770?
True
Does 9 divide 6133?
False
Does 44 divide 444800?
False
Is 237 a factor of 40764?
True
Is 18 a factor of 2655720?
True
Is 121 a factor of 175031?
False
Is 193312 a multiple of 28?
True
Is 192 a factor of 1769500?
False
Is 359822 a multiple of 17?
True
Is 11277742 a multiple of 49?
True
Does 14 divide 292215?
False
Is 6261457 a multiple of 60?
False
Does 371 divide 56730?
False
Is 23 a factor of 14884243?
True
Is 219450 a multiple of 350?
True
Is 105 a factor of 1852410?
True
Is 22 a factor of 82082?
True
Does 80 divide 54185?
False
Is 5 a factor of 54832?
False
Does 17 divide 333734?
False
Is 107254 a multiple of 11?
False
Is 41 a factor of 508113?
True
Does 112 divide 1865696?
True
Is 2874225 a multiple of 475?
True
Does 62 divide 545595?
False
Is 102790 a multiple of 603?
False
Is 9 a factor of 6797907?
True
Is 237 a factor of 186558?
False
Does 31 divide 3998659?
True
Is 299 a factor of 30571507?
False
Does 12 divide 79429?
False
Is 12 a factor of 1119272?
False
Does 5 divide 22620?
True
Does 61 divide 3227754?
True
Is 3040648 a multiple of 338?
True
Is 552 a factor of 255576?
True
Is 7 a factor of 4058033?
True
Does 29 divide 2374968?
False
Is 42 a factor of 2807406?
True
Is 70 a factor of 122494?
False
Does 408 divide 316566?
False
Does 27 divide 41634?
True
Does 2 divide 153382?
True
Does 68 divide 189026?
False
Is 12 a factor of 342602?
False
Is 2667864 a multiple of 12?
True
Is 312387 a multiple of 23?
False
Is 112 a factor of 1413888?
True
Does 12 divide 845219?
False
Does 94 divide 610812?
True
Is 5154500 a multiple of 52?
True
Is 487 a factor of 12516240?
False
Is 15 a factor of 9191280?
True
Is 650808 a multiple of 92?
True
Is 920310 a multiple of 92?
False
Is 9 a factor of 92880?
True
Does 485 divide 611100?
True
Is 1958102 a multiple of 19?
True
Is 37 a factor of 988270?
True
Is 104303 a multiple of 37?
True
Is 54298 a multiple of 60?
False
Is 76640 a multiple of 40?
True
Does 19 divide 1385582?
False
Is 799449 a multiple of 21?
True
Does 85 divide 421855?
True
Is 846386 a multiple of 107?
False
Is 20341683 a multiple of 24?
False
Does 59 divide 816923?
False
Is 184667 a multiple of 42?
False
Is 376035 a multiple of 